{"id":1039,"date":"2023-08-28T05:27:48","date_gmt":"2023-08-28T03:27:48","guid":{"rendered":"http:\/\/luxuryvillastbarth.com\/?page_id=1039"},"modified":"2023-08-31T18:18:02","modified_gmt":"2023-08-31T16:18:02","slug":"reservez","status":"publish","type":"page","link":"https:\/\/luxuryvillastbarth.com\/index.php\/reservez\/","title":{"rendered":"R\u00e9servez"},"content":{"rendered":"\t\t<div data-elementor-type=\"wp-page\" data-elementor-id=\"1039\" class=\"elementor elementor-1039\">\n\t\t\t\t\t\t\t\t\t<section class=\"elementor-section elementor-top-section elementor-element elementor-element-6bbb4589 elementor-section-full_width elementor-section-content-middle elementor-section-stretched elementor-section-height-default elementor-section-height-default\" data-id=\"6bbb4589\" data-element_type=\"section\" data-settings=\"{&quot;stretch_section&quot;:&quot;section-stretched&quot;,&quot;background_background&quot;:&quot;classic&quot;}\">\n\t\t\t\t\t\t<div class=\"elementor-container elementor-column-gap-default\">\n\t\t\t\t\t<div class=\"elementor-column elementor-col-50 elementor-top-column elementor-element elementor-element-366faf6b\" data-id=\"366faf6b\" data-element_type=\"column\">\n\t\t\t<div class=\"elementor-widget-wrap\">\n\t\t\t\t\t\t\t\t\t<\/div>\n\t\t<\/div>\n\t\t\t\t<div class=\"elementor-column elementor-col-50 elementor-top-column elementor-element elementor-element-6ee47f22\" data-id=\"6ee47f22\" data-element_type=\"column\">\n\t\t\t<div class=\"elementor-widget-wrap\">\n\t\t\t\t\t\t\t\t\t<\/div>\n\t\t<\/div>\n\t\t\t\t\t\t\t<\/div>\n\t\t<\/section>\n\t\t\t\t<section class=\"elementor-section elementor-top-section elementor-element elementor-element-f88b73d elementor-section-boxed elementor-section-height-default elementor-section-height-default\" data-id=\"f88b73d\" data-element_type=\"section\">\n\t\t\t\t\t\t<div class=\"elementor-container elementor-column-gap-default\">\n\t\t\t\t\t<div class=\"elementor-column elementor-col-100 elementor-top-column elementor-element elementor-element-44afb0e\" data-id=\"44afb0e\" data-element_type=\"column\">\n\t\t\t<div class=\"elementor-widget-wrap elementor-element-populated\">\n\t\t\t\t\t\t\t\t<div class=\"elementor-element elementor-element-7c1a63f elementor-widget elementor-widget-heading\" data-id=\"7c1a63f\" data-element_type=\"widget\" data-widget_type=\"heading.default\">\n\t\t\t\t<div class=\"elementor-widget-container\">\n\t\t\t<style>\/*! elementor - v3.15.0 - 20-08-2023 *\/\n.elementor-heading-title{padding:0;margin:0;line-height:1}.elementor-widget-heading .elementor-heading-title[class*=elementor-size-]>a{color:inherit;font-size:inherit;line-height:inherit}.elementor-widget-heading .elementor-heading-title.elementor-size-small{font-size:15px}.elementor-widget-heading .elementor-heading-title.elementor-size-medium{font-size:19px}.elementor-widget-heading .elementor-heading-title.elementor-size-large{font-size:29px}.elementor-widget-heading .elementor-heading-title.elementor-size-xl{font-size:39px}.elementor-widget-heading .elementor-heading-title.elementor-size-xxl{font-size:59px}<\/style><h5 class=\"elementor-heading-title elementor-size-default\">VOUS SOUHAITEZ DES RENSEIGNEMENTS SUR LA VILLA, DES CONSEILS POUR R\u00c9SERVER, DES PR\u00c9CISIONS SUR NOS SERVICES ?<\/h5>\t\t<\/div>\n\t\t\t\t<\/div>\n\t\t\t\t\t<\/div>\n\t\t<\/div>\n\t\t\t\t\t\t\t<\/div>\n\t\t<\/section>\n\t\t\t\t<section class=\"elementor-section elementor-top-section elementor-element elementor-element-4178ca1 elementor-section-boxed elementor-section-height-default elementor-section-height-default\" data-id=\"4178ca1\" data-element_type=\"section\">\n\t\t\t\t\t\t<div class=\"elementor-container elementor-column-gap-default\">\n\t\t\t\t\t<div class=\"elementor-column elementor-col-100 elementor-top-column elementor-element elementor-element-69788b1\" data-id=\"69788b1\" data-element_type=\"column\">\n\t\t\t<div class=\"elementor-widget-wrap elementor-element-populated\">\n\t\t\t\t\t\t\t\t<div class=\"elementor-element elementor-element-813d5e0 elementor-widget elementor-widget-heading\" data-id=\"813d5e0\" data-element_type=\"widget\" data-widget_type=\"heading.default\">\n\t\t\t\t<div class=\"elementor-widget-container\">\n\t\t\t<h2 class=\"elementor-heading-title elementor-size-large\">TARIFS HEBDOMADAIRES<\/h2>\t\t<\/div>\n\t\t\t\t<\/div>\n\t\t\t\t\t<\/div>\n\t\t<\/div>\n\t\t\t\t\t\t\t<\/div>\n\t\t<\/section>\n\t\t\t\t<section class=\"elementor-section elementor-top-section elementor-element elementor-element-6406300e elementor-section-boxed elementor-section-height-default elementor-section-height-default\" data-id=\"6406300e\" data-element_type=\"section\" data-settings=\"{&quot;background_background&quot;:&quot;classic&quot;}\">\n\t\t\t\t\t\t<div class=\"elementor-container elementor-column-gap-default\">\n\t\t\t\t\t<div class=\"elementor-column elementor-col-100 elementor-top-column elementor-element elementor-element-4ca77a0b\" data-id=\"4ca77a0b\" data-element_type=\"column\" data-settings=\"{&quot;background_background&quot;:&quot;classic&quot;}\">\n\t\t\t<div class=\"elementor-widget-wrap elementor-element-populated\">\n\t\t\t\t\t\t\t\t<div class=\"elementor-element elementor-element-7dec35e0 elementor-widget elementor-widget-text-editor\" data-id=\"7dec35e0\" data-element_type=\"widget\" data-widget_type=\"text-editor.default\">\n\t\t\t\t<div class=\"elementor-widget-container\">\n\t\t\t<style>\/*! elementor - v3.15.0 - 20-08-2023 *\/\n.elementor-widget-text-editor.elementor-drop-cap-view-stacked .elementor-drop-cap{background-color:#69727d;color:#fff}.elementor-widget-text-editor.elementor-drop-cap-view-framed .elementor-drop-cap{color:#69727d;border:3px solid;background-color:transparent}.elementor-widget-text-editor:not(.elementor-drop-cap-view-default) .elementor-drop-cap{margin-top:8px}.elementor-widget-text-editor:not(.elementor-drop-cap-view-default) .elementor-drop-cap-letter{width:1em;height:1em}.elementor-widget-text-editor .elementor-drop-cap{float:left;text-align:center;line-height:1;font-size:50px}.elementor-widget-text-editor .elementor-drop-cap-letter{display:inline-block}<\/style>\t\t\t\t<table class=\"rwd-table\">\n<tbody>\n<tr>\n<th><\/th>\n<th><span style=\"color: #CA3B2B;\">3 CHAMBRES<\/span><\/th>\n<th><span style=\"color: #CA3B2B;\">4 CHAMBRES<\/span><\/th>\n<th><span style=\"color: #CA3B2B;\">5 CHAMBRES<\/span><\/th>\n<th><span style=\"color: #CA3B2B;\">6 CHAMBRES<\/span><\/th>\n<\/tr>\n<tr>\n<td data-th=\"\">\n<h6><span style=\"color: #CA3B2B;\">F\u00caTES*<\/span><\/h6>\n<\/td>\n<td data-th=\"3 CHAMBRES\">\n<h6><span style=\"color: #000000;\">85 000 $<\/span><\/h6>\n<\/td>\n<td data-th=\"4 CHAMBRES\">\n<h6><span style=\"color: #000000;\">85 000 $<\/span><\/h6>\n<\/td>\n<td data-th=\"5 CHAMBRES\">\n<h6><span style=\"color: #000000;\">85 000 $<\/span><\/h6>\n<\/td>\n<td data-th=\"6 CHAMBRES\">\n<h6><span style=\"color: #000000;\">85 000 $<\/span><\/h6>\n<\/td>\n<\/tr>\n<tr>\n<td data-th=\"\">\n<h6><span style=\"color: #CA3B2B;\">ETE: 15 Avril &#8211; 14 D\u00c9CEMBRE<\/span><\/h6>\n<\/td>\n<td data-th=\"3 CHAMBRES\">\n<h6><span style=\"color: #000000;\">12 700 $<\/span><\/h6>\n<\/td>\n<td data-th=\"4 CHAMBRES\">\n<h6><span style=\"color: #000000;\">15 200 $<\/span><\/h6>\n<\/td>\n<td data-th=\"5 CHAMBRES\">\n<h6><span style=\"color: #000000;\">17 600 $<\/span><\/h6>\n<\/td>\n<td data-th=\"6 CHAMBRES\">\n<h6><span style=\"color: #000000;\">19 600 $<\/span><\/h6>\n<\/td>\n<\/tr>\n<tr>\n<td data-th=\"\">\n<h6><span style=\"color: #CA3B2B;\">HIVER: 15 D\u00c9CEMBRE<\/span><\/h6>\n<h6><span style=\"color: #CA3B2B;\">&#8211; 14 AVRIL<\/span><\/h6>\n<\/td>\n<td data-th=\"3 CHAMBRES\">\n<h6><span style=\"color: #000000;\">20 350 $<\/span><\/h6>\n<\/td>\n<td data-th=\"4 CHAMBRES\">\n<h6><span style=\"color: #000000;\">22 550 $<\/span><\/h6>\n<\/td>\n<td data-th=\"5 CHAMBRES\">\n<h6><span style=\"color: #000000;\">25 300 $<\/span><\/h6>\n<\/td>\n<td data-th=\"6 CHAMBRES\">\n<h6><span style=\"color: #000000;\">28 300 $<\/span><\/h6>\n<\/td>\n<\/tr>\n<tr>\n<td data-th=\"\">\n<h6><span style=\"color: #CA3B2B;\">THANKSGIVING:<\/span><\/h6>\n<\/td>\n<td data-th=\"3 CHAMBRES\">\n<h6><span style=\"color: #000000;\">20 350 $<\/span><\/h6>\n<\/td>\n<td data-th=\"4 CHAMBRES\">\n<h6><span style=\"color: #000000;\">22 550 $<\/span><\/h6>\n<\/td>\n<td data-th=\"5 CHAMBRES\">\n<h6><span style=\"color: #000000;\">25 300 $<\/span><\/h6>\n<\/td>\n<td data-th=\"6 CHAMBRES\">\n<h6><span style=\"color: #000000;\">28 300 $<\/span><\/h6>\n<\/td>\n<\/tr>\n<\/tbody>\n<\/table>\n<div class=\"tariff-section-note\">\n\n<span style=\"color: #000000;\">Les tarifs sont hebdomadaires, en dollar am\u00e9ricain ($) la taxe locale de s\u00e9jour (5%) ainsi que le service comme suit :14% pour les locations jusqu\u2019au 30 Septembre 2023 et 15% \u00e0 partir du 1er Octobre 2023, ne sont pas inclus. Un s\u00e9jour minimum de 7 nuits est requis, s\u00e9jour plus court sur demande. * Toutes r\u00e9servations incluant le jour de No\u00ebl et du Nouvel An seront consid\u00e9r\u00e9es comme \u00e9tant dans la saison des F\u00eates avec un s\u00e9jour minimum de 14 nuits. Les tarifs sont sujets \u00e0 modifications sans pr\u00e9avis, veuillez consulter nos conditions de r\u00e9servations pour plus de renseignements.<\/span>\n\n<\/div>\t\t\t\t\t\t<\/div>\n\t\t\t\t<\/div>\n\t\t\t\t\t<\/div>\n\t\t<\/div>\n\t\t\t\t\t\t\t<\/div>\n\t\t<\/section>\n\t\t\t\t<section class=\"elementor-section elementor-top-section elementor-element elementor-element-64758a7 elementor-section-height-min-height elementor-section-boxed elementor-section-height-default elementor-section-items-middle\" data-id=\"64758a7\" data-element_type=\"section\">\n\t\t\t\t\t\t<div class=\"elementor-container elementor-column-gap-default\">\n\t\t\t\t\t<div class=\"elementor-column elementor-col-33 elementor-top-column elementor-element elementor-element-c9c8290\" data-id=\"c9c8290\" data-element_type=\"column\">\n\t\t\t<div class=\"elementor-widget-wrap\">\n\t\t\t\t\t\t\t\t\t<\/div>\n\t\t<\/div>\n\t\t\t\t<div class=\"elementor-column elementor-col-33 elementor-top-column elementor-element elementor-element-9958cee\" data-id=\"9958cee\" data-element_type=\"column\">\n\t\t\t<div class=\"elementor-widget-wrap elementor-element-populated\">\n\t\t\t\t\t\t\t\t<div class=\"elementor-element elementor-element-0b94fa7 elementor-widget elementor-widget-shortcode\" data-id=\"0b94fa7\" data-element_type=\"widget\" data-widget_type=\"shortcode.default\">\n\t\t\t\t<div class=\"elementor-widget-container\">\n\t\t\t\t\t<div class=\"elementor-shortcode\"><form id=\"forminator-module-1327\" class=\"forminator-custom-form forminator-custom-form-1327\" method=\"post\" data-forminator-render=\"0\" data-uid=\"69e1d0fda0fa8\"><div role=\"alert\" aria-live=\"polite\" class=\"forminator-response-message forminator-error\" aria-hidden=\"true\"><\/div><\/form><\/div>\n\t\t\t\t<\/div>\n\t\t\t\t<\/div>\n\t\t\t\t\t<\/div>\n\t\t<\/div>\n\t\t\t\t<div class=\"elementor-column elementor-col-33 elementor-top-column elementor-element elementor-element-44397da\" data-id=\"44397da\" data-element_type=\"column\">\n\t\t\t<div class=\"elementor-widget-wrap\">\n\t\t\t\t\t\t\t\t\t<\/div>\n\t\t<\/div>\n\t\t\t\t\t\t\t<\/div>\n\t\t<\/section>\n\t\t\t\t<section class=\"elementor-section elementor-top-section elementor-element elementor-element-3b19b0fa elementor-section-height-min-height elementor-section-boxed elementor-section-height-default elementor-section-items-middle elementor-invisible\" data-id=\"3b19b0fa\" data-element_type=\"section\" data-settings=\"{&quot;background_background&quot;:&quot;classic&quot;,&quot;animation&quot;:&quot;slideInUp&quot;}\">\n\t\t\t\t\t\t<div class=\"elementor-container elementor-column-gap-default\">\n\t\t\t\t\t<div class=\"elementor-column elementor-col-33 elementor-top-column elementor-element elementor-element-774ad7c7\" data-id=\"774ad7c7\" data-element_type=\"column\">\n\t\t\t<div class=\"elementor-widget-wrap elementor-element-populated\">\n\t\t\t\t\t\t\t\t<div class=\"elementor-element elementor-element-acb6f80 elementor-widget elementor-widget-image\" data-id=\"acb6f80\" data-element_type=\"widget\" data-widget_type=\"image.default\">\n\t\t\t\t<div class=\"elementor-widget-container\">\n\t\t\t<style>\/*! elementor - v3.15.0 - 20-08-2023 *\/\n.elementor-widget-image{text-align:center}.elementor-widget-image a{display:inline-block}.elementor-widget-image a img[src$=\".svg\"]{width:48px}.elementor-widget-image img{vertical-align:middle;display:inline-block}<\/style>\t\t\t\t\t\t\t\t\t\t\t\t<img loading=\"lazy\" decoding=\"async\" data-attachment-id=\"1091\" data-permalink=\"https:\/\/luxuryvillastbarth.com\/logo-coco-rock-luxury-villa-blanc-bis-2\/\" data-orig-file=\"https:\/\/luxuryvillastbarth.com\/wp-content\/uploads\/2023\/08\/Logo-coco-rock-luxury-villa-blanc-bis.png\" data-orig-size=\"3788,1334\" data-comments-opened=\"1\" data-image-meta=\"{&quot;aperture&quot;:&quot;0&quot;,&quot;credit&quot;:&quot;&quot;,&quot;camera&quot;:&quot;&quot;,&quot;caption&quot;:&quot;&quot;,&quot;created_timestamp&quot;:&quot;0&quot;,&quot;copyright&quot;:&quot;&quot;,&quot;focal_length&quot;:&quot;0&quot;,&quot;iso&quot;:&quot;0&quot;,&quot;shutter_speed&quot;:&quot;0&quot;,&quot;title&quot;:&quot;&quot;,&quot;orientation&quot;:&quot;0&quot;}\" data-image-title=\"Logo coco rock luxury villa blanc bis\" data-image-description=\"\" data-image-caption=\"\" data-medium-file=\"https:\/\/luxuryvillastbarth.com\/wp-content\/uploads\/2023\/08\/Logo-coco-rock-luxury-villa-blanc-bis-300x106.png\" data-large-file=\"https:\/\/luxuryvillastbarth.com\/wp-content\/uploads\/2023\/08\/Logo-coco-rock-luxury-villa-blanc-bis-1024x361.png\" width=\"769\" height=\"271\" src=\"https:\/\/luxuryvillastbarth.com\/wp-content\/uploads\/2023\/08\/Logo-coco-rock-luxury-villa-blanc-bis-1024x361.png\" class=\"attachment-large size-large wp-image-1091\" alt=\"\" srcset=\"https:\/\/luxuryvillastbarth.com\/wp-content\/uploads\/2023\/08\/Logo-coco-rock-luxury-villa-blanc-bis-1024x361.png 1024w, https:\/\/luxuryvillastbarth.com\/wp-content\/uploads\/2023\/08\/Logo-coco-rock-luxury-villa-blanc-bis-300x106.png 300w, https:\/\/luxuryvillastbarth.com\/wp-content\/uploads\/2023\/08\/Logo-coco-rock-luxury-villa-blanc-bis-768x270.png 768w, https:\/\/luxuryvillastbarth.com\/wp-content\/uploads\/2023\/08\/Logo-coco-rock-luxury-villa-blanc-bis-1536x541.png 1536w, https:\/\/luxuryvillastbarth.com\/wp-content\/uploads\/2023\/08\/Logo-coco-rock-luxury-villa-blanc-bis-2048x721.png 2048w, https:\/\/luxuryvillastbarth.com\/wp-content\/uploads\/2023\/08\/Logo-coco-rock-luxury-villa-blanc-bis-2000x704.png 2000w, https:\/\/luxuryvillastbarth.com\/wp-content\/uploads\/2023\/08\/Logo-coco-rock-luxury-villa-blanc-bis-1755x618.png 1755w\" sizes=\"auto, (max-width: 769px) 100vw, 769px\" data-attachment-id=\"1091\" data-permalink=\"https:\/\/luxuryvillastbarth.com\/logo-coco-rock-luxury-villa-blanc-bis-2\/\" data-orig-file=\"https:\/\/luxuryvillastbarth.com\/wp-content\/uploads\/2023\/08\/Logo-coco-rock-luxury-villa-blanc-bis.png\" data-orig-size=\"3788,1334\" data-comments-opened=\"1\" data-image-meta=\"{&quot;aperture&quot;:&quot;0&quot;,&quot;credit&quot;:&quot;&quot;,&quot;camera&quot;:&quot;&quot;,&quot;caption&quot;:&quot;&quot;,&quot;created_timestamp&quot;:&quot;0&quot;,&quot;copyright&quot;:&quot;&quot;,&quot;focal_length&quot;:&quot;0&quot;,&quot;iso&quot;:&quot;0&quot;,&quot;shutter_speed&quot;:&quot;0&quot;,&quot;title&quot;:&quot;&quot;,&quot;orientation&quot;:&quot;0&quot;}\" data-image-title=\"Logo coco rock luxury villa blanc bis\" data-image-description=\"\" data-image-caption=\"\" data-medium-file=\"https:\/\/luxuryvillastbarth.com\/wp-content\/uploads\/2023\/08\/Logo-coco-rock-luxury-villa-blanc-bis-300x106.png\" data-large-file=\"https:\/\/luxuryvillastbarth.com\/wp-content\/uploads\/2023\/08\/Logo-coco-rock-luxury-villa-blanc-bis-1024x361.png\" \/>\t\t\t\t\t\t\t\t\t\t\t\t\t\t\t<\/div>\n\t\t\t\t<\/div>\n\t\t\t\t\t<\/div>\n\t\t<\/div>\n\t\t\t\t<div class=\"elementor-column elementor-col-33 elementor-top-column elementor-element elementor-element-6e48c7c9\" data-id=\"6e48c7c9\" data-element_type=\"column\">\n\t\t\t<div class=\"elementor-widget-wrap elementor-element-populated\">\n\t\t\t\t\t\t\t\t<div class=\"elementor-element elementor-element-39a6a1d8 elementor-widget elementor-widget-heading\" data-id=\"39a6a1d8\" data-element_type=\"widget\" data-widget_type=\"heading.default\">\n\t\t\t\t<div class=\"elementor-widget-container\">\n\t\t\t<h2 class=\"elementor-heading-title elementor-size-default\">Contact<\/h2>\t\t<\/div>\n\t\t\t\t<\/div>\n\t\t\t\t<div class=\"elementor-element elementor-element-4fdbac5d elementor-widget elementor-widget-text-editor\" data-id=\"4fdbac5d\" data-element_type=\"widget\" data-widget_type=\"text-editor.default\">\n\t\t\t\t<div class=\"elementor-widget-container\">\n\t\t\t\t\t\t\t<p><span style=\"color: #ffffff;\">T\u00c9L :\u00a0 <a style=\"color: #ffffff;\" href=\"http:\/\/TEL:+590690756193\" data-wplink-url-error=\"true\">+590 690756193<\/a><\/span><\/p><p><span style=\"color: #ffffff;\">MAIL: <a style=\"color: #ffffff;\" href=\"mailto:booking@cocorockstbarts.com\" target=\"_blank\" rel=\"noopener\">booking@cocorockstbarts.com<\/a><\/span><\/p>\t\t\t\t\t\t<\/div>\n\t\t\t\t<\/div>\n\t\t\t\t<section class=\"elementor-section elementor-inner-section elementor-element elementor-element-2a8770a9 elementor-section-boxed elementor-section-height-default elementor-section-height-default\" data-id=\"2a8770a9\" data-element_type=\"section\">\n\t\t\t\t\t\t<div class=\"elementor-container elementor-column-gap-default\">\n\t\t\t\t\t<div class=\"elementor-column elementor-col-100 elementor-inner-column elementor-element elementor-element-47a48ceb\" data-id=\"47a48ceb\" data-element_type=\"column\">\n\t\t\t<div class=\"elementor-widget-wrap elementor-element-populated\">\n\t\t\t\t\t\t\t\t<div class=\"elementor-element elementor-element-2719302c elementor-align-center elementor-widget elementor-widget-button\" data-id=\"2719302c\" data-element_type=\"widget\" data-widget_type=\"button.default\">\n\t\t\t\t<div class=\"elementor-widget-container\">\n\t\t\t\t\t<div class=\"elementor-button-wrapper\">\n\t\t\t<a class=\"elementor-button elementor-button-link elementor-size-sm\" href=\"#\">\n\t\t\t\t\t\t<span class=\"elementor-button-content-wrapper\">\n\t\t\t\t\t\t<span class=\"elementor-button-text\">Mentions L\u00e9gales<\/span>\n\t\t<\/span>\n\t\t\t\t\t<\/a>\n\t\t<\/div>\n\t\t\t\t<\/div>\n\t\t\t\t<\/div>\n\t\t\t\t\t<\/div>\n\t\t<\/div>\n\t\t\t\t\t\t\t<\/div>\n\t\t<\/section>\n\t\t\t\t\t<\/div>\n\t\t<\/div>\n\t\t\t\t<div class=\"elementor-column elementor-col-33 elementor-top-column elementor-element elementor-element-2e484b04\" data-id=\"2e484b04\" data-element_type=\"column\">\n\t\t\t<div class=\"elementor-widget-wrap elementor-element-populated\">\n\t\t\t\t\t\t\t\t<div class=\"elementor-element elementor-element-12a9ad3f elementor-shape-rounded elementor-grid-0 e-grid-align-center elementor-widget elementor-widget-social-icons\" data-id=\"12a9ad3f\" data-element_type=\"widget\" data-widget_type=\"social-icons.default\">\n\t\t\t\t<div class=\"elementor-widget-container\">\n\t\t\t<style>\/*! elementor - v3.15.0 - 20-08-2023 *\/\n.elementor-widget-social-icons.elementor-grid-0 .elementor-widget-container,.elementor-widget-social-icons.elementor-grid-mobile-0 .elementor-widget-container,.elementor-widget-social-icons.elementor-grid-tablet-0 .elementor-widget-container{line-height:1;font-size:0}.elementor-widget-social-icons:not(.elementor-grid-0):not(.elementor-grid-tablet-0):not(.elementor-grid-mobile-0) .elementor-grid{display:inline-grid}.elementor-widget-social-icons .elementor-grid{grid-column-gap:var(--grid-column-gap,5px);grid-row-gap:var(--grid-row-gap,5px);grid-template-columns:var(--grid-template-columns);justify-content:var(--justify-content,center);justify-items:var(--justify-content,center)}.elementor-icon.elementor-social-icon{font-size:var(--icon-size,25px);line-height:var(--icon-size,25px);width:calc(var(--icon-size, 25px) + (2 * var(--icon-padding, .5em)));height:calc(var(--icon-size, 25px) + (2 * var(--icon-padding, .5em)))}.elementor-social-icon{--e-social-icon-icon-color:#fff;display:inline-flex;background-color:#69727d;align-items:center;justify-content:center;text-align:center;cursor:pointer}.elementor-social-icon i{color:var(--e-social-icon-icon-color)}.elementor-social-icon svg{fill:var(--e-social-icon-icon-color)}.elementor-social-icon:last-child{margin:0}.elementor-social-icon:hover{opacity:.9;color:#fff}.elementor-social-icon-android{background-color:#a4c639}.elementor-social-icon-apple{background-color:#999}.elementor-social-icon-behance{background-color:#1769ff}.elementor-social-icon-bitbucket{background-color:#205081}.elementor-social-icon-codepen{background-color:#000}.elementor-social-icon-delicious{background-color:#39f}.elementor-social-icon-deviantart{background-color:#05cc47}.elementor-social-icon-digg{background-color:#005be2}.elementor-social-icon-dribbble{background-color:#ea4c89}.elementor-social-icon-elementor{background-color:#d30c5c}.elementor-social-icon-envelope{background-color:#ea4335}.elementor-social-icon-facebook,.elementor-social-icon-facebook-f{background-color:#3b5998}.elementor-social-icon-flickr{background-color:#0063dc}.elementor-social-icon-foursquare{background-color:#2d5be3}.elementor-social-icon-free-code-camp,.elementor-social-icon-freecodecamp{background-color:#006400}.elementor-social-icon-github{background-color:#333}.elementor-social-icon-gitlab{background-color:#e24329}.elementor-social-icon-globe{background-color:#69727d}.elementor-social-icon-google-plus,.elementor-social-icon-google-plus-g{background-color:#dd4b39}.elementor-social-icon-houzz{background-color:#7ac142}.elementor-social-icon-instagram{background-color:#262626}.elementor-social-icon-jsfiddle{background-color:#487aa2}.elementor-social-icon-link{background-color:#818a91}.elementor-social-icon-linkedin,.elementor-social-icon-linkedin-in{background-color:#0077b5}.elementor-social-icon-medium{background-color:#00ab6b}.elementor-social-icon-meetup{background-color:#ec1c40}.elementor-social-icon-mixcloud{background-color:#273a4b}.elementor-social-icon-odnoklassniki{background-color:#f4731c}.elementor-social-icon-pinterest{background-color:#bd081c}.elementor-social-icon-product-hunt{background-color:#da552f}.elementor-social-icon-reddit{background-color:#ff4500}.elementor-social-icon-rss{background-color:#f26522}.elementor-social-icon-shopping-cart{background-color:#4caf50}.elementor-social-icon-skype{background-color:#00aff0}.elementor-social-icon-slideshare{background-color:#0077b5}.elementor-social-icon-snapchat{background-color:#fffc00}.elementor-social-icon-soundcloud{background-color:#f80}.elementor-social-icon-spotify{background-color:#2ebd59}.elementor-social-icon-stack-overflow{background-color:#fe7a15}.elementor-social-icon-steam{background-color:#00adee}.elementor-social-icon-stumbleupon{background-color:#eb4924}.elementor-social-icon-telegram{background-color:#2ca5e0}.elementor-social-icon-thumb-tack{background-color:#1aa1d8}.elementor-social-icon-tripadvisor{background-color:#589442}.elementor-social-icon-tumblr{background-color:#35465c}.elementor-social-icon-twitch{background-color:#6441a5}.elementor-social-icon-twitter{background-color:#1da1f2}.elementor-social-icon-viber{background-color:#665cac}.elementor-social-icon-vimeo{background-color:#1ab7ea}.elementor-social-icon-vk{background-color:#45668e}.elementor-social-icon-weibo{background-color:#dd2430}.elementor-social-icon-weixin{background-color:#31a918}.elementor-social-icon-whatsapp{background-color:#25d366}.elementor-social-icon-wordpress{background-color:#21759b}.elementor-social-icon-xing{background-color:#026466}.elementor-social-icon-yelp{background-color:#af0606}.elementor-social-icon-youtube{background-color:#cd201f}.elementor-social-icon-500px{background-color:#0099e5}.elementor-shape-rounded .elementor-icon.elementor-social-icon{border-radius:10%}.elementor-shape-circle .elementor-icon.elementor-social-icon{border-radius:50%}<\/style>\t\t<div class=\"elementor-social-icons-wrapper elementor-grid\">\n\t\t\t\t\t\t\t<span class=\"elementor-grid-item\">\n\t\t\t\t\t<a class=\"elementor-icon elementor-social-icon elementor-social-icon-facebook elementor-repeater-item-4466be7\" target=\"_blank\">\n\t\t\t\t\t\t<span class=\"elementor-screen-only\">Facebook<\/span>\n\t\t\t\t\t\t<i class=\"fab fa-facebook\"><\/i>\t\t\t\t\t<\/a>\n\t\t\t\t<\/span>\n\t\t\t\t\t\t\t<span class=\"elementor-grid-item\">\n\t\t\t\t\t<a class=\"elementor-icon elementor-social-icon elementor-social-icon-youtube elementor-repeater-item-1c5a1cb\" target=\"_blank\">\n\t\t\t\t\t\t<span class=\"elementor-screen-only\">Youtube<\/span>\n\t\t\t\t\t\t<i class=\"fab fa-youtube\"><\/i>\t\t\t\t\t<\/a>\n\t\t\t\t<\/span>\n\t\t\t\t\t\t\t<span class=\"elementor-grid-item\">\n\t\t\t\t\t<a class=\"elementor-icon elementor-social-icon elementor-social-icon-instagram elementor-repeater-item-16c32f7\" target=\"_blank\">\n\t\t\t\t\t\t<span class=\"elementor-screen-only\">Instagram<\/span>\n\t\t\t\t\t\t<i class=\"fab fa-instagram\"><\/i>\t\t\t\t\t<\/a>\n\t\t\t\t<\/span>\n\t\t\t\t\t<\/div>\n\t\t\t\t<\/div>\n\t\t\t\t<\/div>\n\t\t\t\t\t<\/div>\n\t\t<\/div>\n\t\t\t\t\t\t\t<\/div>\n\t\t<\/section>\n\t\t\t\t\t\t\t<\/div>\n\t\t","protected":false},"excerpt":{"rendered":"<p>Menu R\u00e9servez VOUS SOUHAITEZ DES RENSEIGNEMENTS SUR LA VILLA, DES CONSEILS POUR R\u00c9SERVER, DES PR\u00c9CISIONS SUR NOS SERVICES ? TARIFS HEBDOMADAIRES 3 CHAMBRES 4 CHAMBRES 5 CHAMBRES 6 CHAMBRES F\u00caTES* 85 000 $ 85 000 $ 85 000 $ 85 000 $ ETE: 15 Avril &#8211; 14 D\u00c9CEMBRE 12 700 $ 15 200 $ 17 &hellip; <a href=\"https:\/\/luxuryvillastbarth.com\/index.php\/reservez\/\" class=\"more-link\">Continue reading<span class=\"screen-reader-text\"> \u00ab\u00a0R\u00e9servez\u00a0\u00bb<\/span><\/a><\/p>\n","protected":false},"author":1,"featured_media":0,"parent":0,"menu_order":0,"comment_status":"closed","ping_status":"closed","template":"elementor_canvas","meta":{"footnotes":""},"class_list":["post-1039","page","type-page","status-publish","hentry"],"_links":{"self":[{"href":"https:\/\/luxuryvillastbarth.com\/index.php\/wp-json\/wp\/v2\/pages\/1039","targetHints":{"allow":["GET"]}}],"collection":[{"href":"https:\/\/luxuryvillastbarth.com\/index.php\/wp-json\/wp\/v2\/pages"}],"about":[{"href":"https:\/\/luxuryvillastbarth.com\/index.php\/wp-json\/wp\/v2\/types\/page"}],"author":[{"embeddable":true,"href":"https:\/\/luxuryvillastbarth.com\/index.php\/wp-json\/wp\/v2\/users\/1"}],"replies":[{"embeddable":true,"href":"https:\/\/luxuryvillastbarth.com\/index.php\/wp-json\/wp\/v2\/comments?post=1039"}],"version-history":[{"count":49,"href":"https:\/\/luxuryvillastbarth.com\/index.php\/wp-json\/wp\/v2\/pages\/1039\/revisions"}],"predecessor-version":[{"id":1423,"href":"https:\/\/luxuryvillastbarth.com\/index.php\/wp-json\/wp\/v2\/pages\/1039\/revisions\/1423"}],"wp:attachment":[{"href":"https:\/\/luxuryvillastbarth.com\/index.php\/wp-json\/wp\/v2\/media?parent=1039"}],"curies":[{"name":"wp","href":"https:\/\/api.w.org\/{rel}","templated":true}]}}